 = v. What is the units digit of v?
7
Suppose 0 = -7*m + 3*m + 20. Let s be (-32)/(-20) + 2/m. Suppose s*f - 10 = -2*n, -5*f + 23 = -2*f + n. What is the units digit of f?
9
Let a = 1 - -1. Let p = -2 + a. Suppose -5*y + 1 + 4 = p. What is the units digit of y?
1
Suppose -5*n - 1 = -26, -m + 2*n - 9 = 0. What is the units digit of (2 + m)*160/30?
6
What is the units digit of 500/16 - (30/(-8))/5?
2
Let z(s) = -s**2 + 7*s - 2. Let c(j) = -2*j**3 - 2*j**2 + j + 1. Let y be c(-2). Let t be z(y). What is the units digit of 6 + (0/t)/(-2)?
6
Let t(j) = -j + 2. Let z be t(3). Suppose -1 = -3*q - l + 2, -2*l = 3*q. Let c = z + q. What is the units digit of c?
1
Let h be 0/(3 + -1) + -4. What is the units digit of 2/h + 21/6?
3
Let n = 12 - -31. What is the tens digit of n?
4
Suppose 4 = -2*v + 16. What is the units digit of v/(-4) + (-285)/(-30)?
8
Let g(s) = -2 - 4*s + s**3 + s + 0*s + 2*s**2. Let t(u) = 2*u**2 + 15*u + 5. Let d be t(-7). What is the units digit of g(d)?
4
Let z = 9 - 7. What is the tens digit of z*(0 - (-57)/6)?
1
Suppose 0*t = 4*t - 12. Let m(k) = -k**2 + 4*k - 1. Let a be m(t). Suppose 0 = 3*i - a*o - o - 6, -5*o = 4*i - 8. What is the units digit of i?
2
Suppose 2*p + 9 = -p, 13 = 2*j - 3*p. What is the units digit of j?
2
Let c(g) = -2*g + 20. What is the units digit of c(-11)?
2
Let z(x) be the third derivative of x**5/20 + x**4/3 + 3*x**3/2 - 9*x**2. What is the units digit of z(-5)?
4
Suppose -4*v + 17 = g, 21 = 5*g - 5*v - 14. Let u = g - 5. What is the units digit of u?
4
Suppose -5*u + 0*u = -4*z - 31, 32 = 4*u + 4*z. Let o(r) = -1 + 4*r - 2*r - 6. What is the units digit of o(u)?
7
What is the units digit of (24/30)/(2/20)?
8
Let u(i) = 2*i**2 - 2*i - 1. Let c be u(-4). Suppose -c = 5*a - 154. What is the units digit of a?
3
Let n = -2 + 2. Suppose n = -4*j + 5*j + 8. What is the units digit of 3/(-2)*j/12?
1
Let z(h) = -18*h**3 + h**2 - h - 1. Let q be z(-1). Let t = 44 - q. What is the units digit of t?
5
Suppose 0 = -2*f - 5*t + 360, -7*t + 3*t = -3*f + 540. Suppose 3*x - 2*d = 4*x - 60, f = 4*x - 4*d. What is the units digit of x?
0
Let d(o) = o + 10. Suppose -33 = 5*i + 7. Let m be d(i). Suppose -2*u = -3*j + 10, -j - m*u = -3*u - 2. What is the units digit of j?
6
What is the units digit of ((-54)/(-4))/((-1)/(-2))?
7
Suppose 0 = -0*m + 2*m - 8. Suppose 4*s - m = 0, -y - 3 + 12 = 5*s. What is the units digit of y?
4
Let q(j) be the first derivative of -j**3/3 + 3*j**2 - 4*j + 4. What is the units digit of q(4)?
4
Let o be 34/(2 + -1 - 3). What is the units digit of o/((-4)/(2 + 2))?
7
Let y(g) = 2*g + 24. What is the units digit of y(12)?
8
Let x(f) = 2*f**2 - 21*f - 1. Let i(l) = -l**2 + 11*l + 1. Let b(v) = 5*i(v) + 3*x(v). What is the tens digit of b(9)?
1
Suppose 0*u = -u. Suppose x + u*x - 45 = -5*v, -x - 27 = -3*v. What is the units digit of 8/3 - 6/v?
2
Let h(v) = -v**3 + 15*v**2 - 15*v + 9. What is the tens digit of h(13)?
5
Let l = -128 + 150. What is the units digit of l?
2
Let l = -10 - -16. Suppose 0 - l = -2*k. What is the tens digit of 2/12*k*22?
1
Let r = 14 + -8. What is the units digit of r?
6
What is the hundreds digit of 25256/140 - (-2)/5*-1?
1
Let p(t) = t**2 - 14. Let y be p(0). Let u = 38 + -37. Let q = u - y. What is the units digit of q?
5
Let v = -16 + 22. Let z = 27 - v. What is the tens digit of z?
2
Let u = 1 - -4. Suppose s = -y + 21, 90 = -0*y + u*y + 2*s. Let d = y - 9. What is the units digit of d?
7
Let y(u) be the first derivative of -u**4/2 + 2*u**3/3 - u + 1. Let r be y(-1). Suppose -5*h + 12 + r = 0. What is the units digit of h?
3
Suppose -14 = -2*c + 24. Suppose -6 + c = m. What is the units digit of m?
3
Suppose 78 = 4*s - 82. What is the tens digit of s?
4
Suppose 0 = -2*o + 20 + 76. What is the tens digit of o?
4
Let a be (-3 + 3)/(-2) + 2. Let u = 18 + a. What is the units digit of u?
0
Suppose 2*h = 3 - 1. Let m be 1*6*h/2. Suppose t = -m*t + 8. What is the units digit of t?
2
What is the tens digit of 2/(-11) - (-2103)/11?
9
Let f = 11 - 3. What is the units digit of f?
8
Let i = -3 - -6. Let h(j) = -j**i - 3*j - 3*j**2 + j - 3 - 1. What is the units digit of h(-3)?
2
Let w(s) = -3*s**3 - 2*s - 9. What is the hundreds digit of w(-4)?
1
Let o = 3 + -1. What is the units digit of (o - -3)*(1 - 0)?
5
Let a be ((-24)/10 - -2)*-10. Suppose 0 = a*j - 0*j - 176. Suppose 4*r + 0 - j = 0. What is the tens digit of r?
1
What is the hundreds digit of -2*4*3*45/(-9)?
1
Suppose -2*k + 0*s - 2*s = -168, k = s + 82. What is the units digit of k?
3
Suppose p + p = -4*i + 12, 3*i - 9 = -5*p. Suppose 0 = -i*j + 126. What is the tens digit of j?
4
Let r(g) = -3*g + 2. Let o(s) = -s + 1. Let h(k) = -11*o(k) + 4*r(k). Let n be h(-6). Suppose 0 = -n*x + 31 - 4. What is the units digit of x?
9
Let t = 13 - 8. Suppose 21 = 3*f + 3*j, 0 = -3*f + 4*j + 2 + t. What is the units digit of f?
5
What is the tens digit of (((-1072)/(-10))/2)/((-14)/(-35))?
3
Let v be 0 - (-6*14)/2. Suppose -v = -3*o + o. What is the tens digit of o?
2
Suppose -h = -j + 2, j - 24 = -2*h - 4*j. Suppose 2*d - h = 2. What is the units digit of ((-3)/d)/((-3)/30)?
5
What is the units digit of (-7 + (-1224)/(-40))*15/1?
4
Let f = -15 + 27. What is the tens digit of 278/12 + (-2)/f?
2
Suppose -3*b - 28 = -l, 0*l + l = 5*b + 36. What is the tens digit of l?
1
Suppose 0 = 3*l + l. Let z be 26 - (l + (-6)/(-3)). Suppose 2*j - 46 = -5*s, 6 - z = -3*s + 2*j. What is the units digit of s?
8
Let b = 8 - -34. What is the tens digit of b?
4
Let f = 40 - 19. Suppose -3*v = 2*k - 15, 4*v + v = -2*k + f. What is the units digit of (v + 1)/(3/6)?
8
Let f(o) = o**3 + 4*o**2 + 4*o + 4. Let z(c) = -c + 0*c - c + 9 + 0*c. Let i be z(6). What is the units digit of f(i)?
1
Let t be 260/15 + 2/3. What is the units digit of (-215)/(-45) - (-4)/t?
5
Suppose 4*c = 3*p - 127, -53 = -p - 5*c + c. Suppose -4*j - j + p = 0. What is the units digit of j?
9
Let k = 9 + -5. Suppose -y = 2*i - 4, -k*i + 5*y + 4 = -2*i. What is the units digit of i?
2
Let x(c) = c**2 - 3*c + 6. Let a be x(5). Let p(j) = -9*j - a - 2*j + 4 - j**2. What is the units digit of p(-9)?
6
Let l be 2/(-6) - 44/(-6). Suppose 8*t = l*t + 12. What is the units digit of t?
2
Let c(l) = 3*l - 2. What is the tens digit of c(8)?
2
Let b = 6 + -8. What is the units digit of b/((-3 - 1)/20)?
0
Let f be 1*(-3 + 228/4). Let c = f - 27. What is the tens digit of c?
2
Let z be ((-8)/(-10))/(3/45). Suppose 3*t - 12 = z. What is the units digit of t + -1 + -1 + 1?
7
Suppose -10*l + 778 = 18. What is the units digit of l?
6
What is the units digit of 1*-1 + (65 - 11)?
3
Let x = 32 + -16. Suppose -2*s + 6*s - 4*r = -x, 0 = -3*s - r + 8. What is the units digit of 1*(0 + 9 + s)?
0
Suppose -2*t = 3*t - 265. What is the units digit of t?
3
Let z(j) = 7*j**2 + 2*j + 4. Let v(l) = l**2 - l - 1. Let u(r) = 6*v(r) - z(r). Let m be u(-7). Let a = 13 + m. What is the units digit of a?
0
What is the units digit of (8/((-3)/3))/(-2)?
4
Let k be -3*((-118)/(-6) + 1). Let l = k - -110. Suppose -2*u + l = 2*u. What is the units digit of u?
2
Suppose 0 = -3*a - 14*a + 1972. What is the tens digit of a?
1
Suppose 0 = 3*y - 4*t + 26, 3*t - 16 = -2*y - t. What is the units digit of (1/y)/(10/(-360))?
8
Let m(g) = 13*g**3. Let j be m(-1). Let i = j - -26. What is the tens digit of i?
1
Suppose -271 = -2*b + 51. What is the tens digit of b?
6
Let x(f) = -f**2 + 6*f + 17. What is the tens digit of x(7)?
1
Let w = 304 - 187. What is the tens digit of w?
1
Let o = 191 - 67. What is the tens digit of o?
2
Let r = 40 - 39. What is the units digit of r?
1
Suppose 5*k - 61 - 24 = 0. What is the tens digit of k?
1
Suppose -2*g + 51 = -g + 2*t, 97 = 2*g + 3*t. What is the units digit of g?
1
Let h be 1/(-4) + 15/(-4). Let b = h - -4. Suppose b = s + 4*s - 20. What is the units digit of s?
4
Suppose -3*w + 3*f + 675 = -0*w, 2*w + f - 444 = 0. What is the tens digit of w?
2
Let v = 20 - 13. Let n(s) = s**2 - 3*s - 4. What is the tens digit of n(v)?
2
What is the tens digit of (66/5)/(12/60)?
6
Let h = -222 - -573. What is the tens digit of h?
5
Let p(f) be the third derivative of -f**5/60 + 5*f**3/6 + 2*f**2. Let b be p(0). Suppose i + b*w = -i - 21, 0 = 5*i - 2*w - 20. What is the units digit of i?
2
Let s(t) = 13*t - 12.